pose 0 = 5*b - 4*b - 5. Let q(x) = -x**2 - x - 18. Let c be q(-14). Let t be ((-4)/(-2))/((-10)/c). Calculate the highest common divisor of b and t.
5
Let c = -7 + 8. Let w be (6/(-18))/(c/(-18)). What is the highest common divisor of w and 4?
2
Suppose 7*l - 108 = 4*l. Let z(m) = 2*m**2 + 3*m. Let f be z(6). What is the greatest common factor of f and l?
18
Let x(o) = -7*o - 8. Let a(n) = n - 1. Let s(d) = 5*a(d) + x(d). Let g be s(-13). Calculate the highest common factor of 65 and g.
13
Let u = 8 - -22. Let t = 2 - -8. What is the greatest common factor of t and u?
10
Suppose 6*j = -2*j + 40. Calculate the greatest common factor of 45 and j.
5
Let a(k) = -k**3 - 4*k**2 - 5*k + 8. Let c be a(-6). Suppose 5*y - 48 = -2*t, -4*t - 34 = 3*y - 6*y. What is the highest common divisor of c and y?
10
Let d = -9 + -17. Let v = 45 + d. Suppose -v = -j + 53. What is the greatest common factor of 9 and j?
9
Suppose 3*h + h + 44 = 0. Let c = 74 + h. Suppose -f - 5*w = 2*f - c, 0 = -4*w + 12. What is the highest common divisor of 16 and f?
16
Let c be -1*4*(-12)/2. Let z(r) = r**3 + 5*r**2 - 17*r - 15. Let u be z(-7). Calculate the greatest common factor of c and u.
6
Let h(q) = 6*q**2 - 2*q - 3. Let y be h(-2). Suppose y = 5*l - 15. What is the greatest common factor of 56 and l?
8
Let d be 98 + -1 + -1 - 0. Calculate the greatest common divisor of d and 12.
12
Suppose 4*h = -4*p + 488, -4*h - h = p - 134. Suppose 34 - p = -c. What is the greatest common factor of 34 and c?
17
Let m = -1 + 5. Let q(b) = -11*b**3 + 2*b**2 + 3*b + 2. Let f be q(-1). Calculate the greatest common divisor of f and m.
4
Let m(y) = y - 8*y**2 + y**3 + 6 + 2 - 3. Let h be m(8). Suppose -5*k + h = -67. Calculate the greatest common divisor of k and 4.
4
Let s be (-5 - 2)*9*(-48)/56. Calculate the greatest common factor of 18 and s.
18
Let v = 1 + 1. Suppose -v*o + 0*d - 6 = 4*d, -5*o - 42 = d. Let t be 89 + -3*3/o. Calculate the greatest common factor of 18 and t.
18
Suppose 4*i + 5*w + 29 = 0, 3*i + 18 = -0*i - 3*w. Let h(k) = -15*k**3 + k. Let m be h(i). What is the highest common divisor of 56 and m?
14
Let w = 57 - -27. What is the highest common divisor of w and 14?
14
Suppose r + 6 = -3. Let o = -2 - r. What is the highest common divisor of 49 and o?
7
Suppose u = -u + 3*c + 176, 3*u - 264 = -5*c. Calculate the greatest common divisor of u and 8.
8
Let o(n) = -n**3 + 15*n**2 - 13*n - 8. Let u be o(14). Let c = 15 - u. What is the highest common divisor of 9 and c?
9
Suppose -i + 15 = 2*i. Suppose -i*v = 3*o - 0*v - 58, -o + 10 = -3*v. Let l be (2 + -5)*o/(-6). What is the greatest common divisor of l and 32?
8
Let s(a) = -a**2 + 4*a + 5. Suppose -5*o + 10 = -10. Let u be s(o). Calculate the greatest common divisor of 25 and u.
5
Let t(m) = -m**3 + 6*m**2 - 4*m + 11. Let z be t(3). Calculate the highest common divisor of 65 and z.
13
Let d(w) = -w**3 - 7*w**2 + 12*w + 6. Let k be d(-9). Calculate the greatest common factor of 90 and k.
30
Let b be (-4)/(-3)*9/1. Suppose -b = g - 3*g. Let u(k) = 4*k**2 + 33*k + 14. Let w be u(-8). What is the greatest common factor of g and w?
6
Suppose z - 4 = -3*z. Let l be (-12 - z/(-1))/(-1). Suppose -6 = v - 28. What is the greatest common divisor of v and l?
11
Let p be 109 + 1*2/2. Let x = -50 + p. What is the greatest common divisor of 15 and x?
15
Let k = -34 + 50. Calculate the highest common factor of k and 24.
8
Let b = -79 - -149. Calculate the highest common factor of b and 14.
14
Let w be 30/(-4) + 1/(-2). Let h = 14 + -14. Let t = h - w. Calculate the greatest common factor of t and 12.
4
Let v = -11 + 8. Let b be 192/(v + -1)*-1. Calculate the greatest common factor of b and 6.
6
Let q(w) = 2*w + 4. Let d be q(0). Suppose 2*c - 167 = -3*k, -d*k - 2*c = -52 - 170. Suppose -7 + 17 = 2*o. Calculate the highest common divisor of k and o.
5
Let p = 103 + -82. What is the greatest common divisor of p and 12?
3
Let q be 3/(-9) + (-220)/6. Let v = q - -13. Let y be 3/(((-3)/v)/1). Calculate the highest common divisor of y and 60.
12
Let c be -2*-1*(1 - -3). What is the highest common divisor of c and 8?
8
Suppose -4*b - 13 = -41. Suppose -60 = -b*a + 2*a. Calculate the highest common factor of a and 36.
12
Suppose 2*v = -j + 13, j + 11 = 3*v - 6. Let t(a) = -a**3 + 6*a**2 + 9*a + 4. Let s be t(7). Calculate the highest common divisor of v and s.
6
Let p(d) = -d - 9. Let c be p(-8). Let l be 1*((1 - c) + 2). Calculate the greatest common divisor of l and 44.
4
Let b = 9 - 10. Let v be (3 + b)*2*-2. Let y be ((-4)/v)/(2/8). Calculate the greatest common divisor of y and 6.
2
Let q(p) = 3*p - 18. Let r(y) = 13*y - 72. Let h(i) = 9*q(i) - 2*r(i). Let v be h(9). Let a be (6/v)/(2/(-432)). What is the highest common factor of a and 18?
18
Let l = -4 - -7. Suppose 12 = w + l*w. Calculate the highest common divisor of 27 and w.
3
Suppose 0 = 5*b + 5 + 20, -3*t - 112 = 5*b. Let v = t - -45. What is the highest common factor of v and 48?
16
Let q = 12 - 4. Calculate the highest common divisor of q and 64.
8
Suppose t = -x + 13, -2*x - 9 = 3*t - 46. Calculate the highest common factor of 22 and t.
11
Let x = 2 - -1. Let k = x + 0. Let b be ((-6)/(-9))/(k/108). Calculate the greatest common divisor of b and 16.
8
Let s = 72 - 64. What is the highest common factor of s and 72?
8
Suppose -4 - 13 = -a + 4*q, q + 7 = 3*a. Let v be (-3)/1 - a/(-1). Let u be 47 + v/((-2)/1). What is the greatest common divisor of 16 and u?
16
Let c(a) = 54*a**3 + 3*a**2 + a - 3. Let u be c(1). What is the greatest common factor of 5 and u?
5
Let f(b) = 4*b - 6. Let x = 11 - 6. Let s be f(x). Let n = s + -10. What is the highest common divisor of n and 1?
1
Let v(y) = y + 0*y - 4*y + 3*y**2. Let s be v(8). What is the greatest common divisor of s and 21?
21
Let f(j) = j**2 - 21*j + 10. Let s be f(21). What is the greatest common factor of 90 and s?
10
Let a be (24/14)/(3/42). What is the greatest common divisor of a and 3?
3
Suppose 4*v + 90 = 10*v. Calculate the greatest common factor of 45 and v.
15
Let x(t) = -t**3 + t**2 - 2*t - 6. Let j be x(-3). Calculate the greatest common divisor of 12 and j.
12
Let t = -1 + 3. Suppose -3 = t*d + 5*u, 0 = 2*d - d - 2*u - 12. Suppose -4*q + 77 = -115. Calculate the highest common divisor of d and q.
6
Let h = 60 - 55. Suppose -3 = -2*l + 1. Let w be (27 - 2)*(-1 + l). Calculate the greatest common divisor of h and w.
5
Suppose 30 = t - 426. Calculate the greatest common divisor of 57 and t.
57
Suppose -i - 12 = -2*i. Let m(p) = -5*p + 5. Let f be m(-5). What is the highest common divisor of f and i?
6
Let z(u) = 3*u**2 - 1. Let r = -1 + 2. Let b be z(r). Let l be (b - 7)/(1/(-3)). Calculate the highest common divisor of 10 and l.
5
Suppose -4*d + 286 = -2. What is the greatest common divisor of 48 and d?
24
Let k be ((-6)/18)/((-2)/66). Let p(i) = i + 9. Let c be p(-9). Let m = k - c. What is the highest common divisor of 11 and m?
11
Suppose -2*u = 3*z + 3 - 0, 0 = 4*z - u - 7. What is the highest common divisor of z and 3?
1
Suppose -2*f + 42 - 4 = 0. Let y(x) = -2*x - 3. Let k be y(-11). What is the highest common divisor of f and k?
19
Suppose -5*j + 2*y + y = -43, -5*j = -2*y - 42. What is the greatest common divisor of 24 and j?
8
Suppose 29 = -4*t + 1. Let g be (-17)/(-4) - t/(-28). What is the highest common factor of g and 1?
1
Suppose -62 + 7 = -3*b - 5*x, -2*x - 33 = -b. What is the highest common factor of b and 175?
25
Let p be (84/30)/(3/((-15)/(-2))). Let u(m) = -5 + 2 - 5*m + 4*m**2 - 2*m**2. Let i be u(-4). What is the highest common factor of i and p?
7
Let j = 11 - 1. What is the highest common factor of 10 and j?
10
Let p = 7 - 4. Suppose 0 = -2*g + 4, 0 = -5*f - 0*g - 3*g + 36. Suppose 5*r = -5, f*n - n = r + 106. What is the greatest common divisor of n and p?
3
Suppose -3*d + 3 = -4*w + 5, 4*w - 18 = -5*d. Suppose -6*v + 3*v - 39 = -3*r, w*r = v + 25. What is the greatest common divisor of 12 and r?
12
Let l be (-3)/(-9) - 23/(-3). What is the highest common factor of 12 and l?
4
Let c = -8 - -13. Calculate the highest common divisor of 20 and c.
5
Let t(o) = o**2 - 5*o - 5. Let c be t(-10). What is the greatest common divisor of 29 and c?
29
Let a = 42 + -2. What is the greatest common factor of 8 